-3
Calculate -3 + 2 + 3 - 4.
-2
Evaluate -71 - -55 - (-8 + 1).
-9
What is -7 - (0 - (-1 + 13))?
5
What is the value of -12 - (-1 + -17) - (0 + 2)?
4
8 + (8 + -5 - (6 + 1))
4
Evaluate -2 - (-5 + 4) - 3.
-4
-2 - -4 - -4 - 7
-1
(3 - (6 - 3)) + (0 - 9)
-9
-5 + (2 - -1) - (1 + -2)
-1
0 - (4 - (-1 + 3))
-2
What is 3 + (-2 - -3 - 0) - -1?
5
9 + -13 - (0 + 0)
-4
Calculate (2 + -2 - (-3 + 0)) + 5.
8
Calculate -7 + 10 - (8 + -4 - -2).
-3
Calculate (-10 - -2) + 2 - (-1 + 1).
-6
Calculate -5 + (-29 - -25 - (2 + -6)).
-5
What is -5 - ((6 - 17) + (-2 - -6))?
2
Calculate -1 + (-5 - -8) + 2 + -7.
-3
(2 - -3) + 5 + -17
-7
Calculate 3 - (9 + 5 + -10).
-1
(-13 - 11 - -2) + 14
-8
What is 15 + -3 + -9 + -5?
-2
What is the value of 17 - 4 - (-14 - -20)?
7
Calculate 23 - (10 + 11 + -7).
9
What is -6 - (1 + -4) - (2 + -9)?
4
Evaluate 16 + (-1 - 5) - 3.
7
What is (0 - 7) + 11 - (-1 + 10)?
-5
Calculate 152 + -157 - (2 - (0 + 1)).
-6
Evaluate (-5 - -3 - -1) + 2.
1
(9 - (4 + (-7 - -11))) + -6
-5
What is the value of 10 + -13 + (7 - (0 + -1))?
5
Evaluate 2 + 3 + -6 + 42 + -37.
4
Calculate 33 - 35 - (2 + -2).
-2
Evaluate -2 + -3 + (7 - (3 - 2)).
1
Calculate 5 + -10 - -5 - (-10 + 9).
1
Evaluate -23 + 32 + -9 + -1.
-1
What is the value of -6 + -7 - (0 - 8)?
-5
-6 - (-16 + (20 - 7))
-3
Calculate 0 - (-1 - 1 - 1).
3
Calculate -9 + -4 + 5 + 3 + 0.
-5
(-2 - -3) + -3 - 3
-5
(13 - 23) + 6 + -4 + 3
-5
What is the value of 6 - (-2 + (-1 - -8))?
1
What is -67 - -71 - (1 - -12)?
-9
Calculate 3 + (-5 + 2 - -2).
2
Evaluate 2 - 2 - ((10 - 15) + 12).
-7
What is the value of (13 - -12) + -10 + -11?
4
What is the value of 0 - (-3 - (-3 + -1))?
-1
What is 1 + 3 + (-7 - 0)?
-3
What is the value of (-4 - -18) + (15 - 25)?
4
Evaluate 8 - 10 - (-6 + (3 - 1)).
2
Calculate (-6 - -2) + 5 + (-3 - -1).
-1
What is -13 - -17 - (-1 - -6)?
-1
What is the value of 0 - 0 - ((-5 - 1) + 2)?
4
What is the value of 5 + 5 - 15 - 3?
-8
4 + 0 + -4 - 0
0
Evaluate -13 + (-11 - -22) + -2.
-4
Calculate (-3 - -11) + -11 + 7.
4
2 + -1 - 0 - (9 - 13)
5
What is (0 + -6 - 0) + (18 - 15)?
-3
-2 - (7 + 1 + -10)
0
What is the value of -5 + 6 + -5 + 5?
1
What is the value of (-5 - (-7 + 10)) + 7?
-1
1 + -6 + -1 + 1
-5
Calculate (7 + -2 - 5) + -7.
-7
Evaluate 0 + 1 + (-2 - (0 + -2)).
1
-3 - (3 + (7 - 13 - -2))
-2
Evaluate -1 - ((-6 - -2) + 4).
-1
Calculate -4 + 5 + -1 + (-2 - -5).
3
What is -5 + 0 + 5 + -2?
-2
0 - (-9 - -4 - -4)
1
50 + -48 + (-2 - 1)
-1
What is (10 - 7) + 1 + (-9 - 1)?
-6
Evaluate 1 + (-7 + 0 - -9).
3
Evaluate 7 + 4 - (7 - 1).
5
Calculate -2 + 8 - -2 - 5.
3
3 + -6 + (-6 - -4)
-5
Calculate -60 + 49 - (-4 + 5 + -4).
-8
-3 - (-13 - 3) - (5 + 2)
6
What is the value of (3 - (-6 + 10)) + -5?
-6
What is 2 + -11 + 2 + 12?
5
Evaluate (1 - 1) + (-4 - (-5 + 5)).
-4
Evaluate (-5 + 6 - 0) + 3 + 0.
4
What is the value of -3 + (18 - 11 - (-1 + 2))?
3
What is the value of (-8 - -4) + -11 - -4?
-11
Calculate (-5 - 0) + 12 - (8 + 0).
-1
1 + -1 + (-31 - -30)
-1
What is -8 + 1 + -4 + -4 + 8?
-7
Evaluate 12 - (-3 + 10 - -3).
2
What is (-3 - 0) + (-13 - -17)?
1
Evaluate ((13 - 3) + -2 - 4) + -4.
0
Evaluate -10 + (17 - 10 - -5).
2
Calculate (6 - -6) + -16 - -5.
1
8 + (-2 - -4) + (1 - 6)
5
What is -3 - (-1 - 3) - (-5 - -2)?
4
What is -1 + 4 - (0 - -1 - 2)?
4
Calculate -2 + (3 - (-4 - -3 - -6)).
-4
What is (0 - -3 - 1) + -4?
-2
-3 - (-12 - (-8 - -6))
7
Calculate -8 - (-6 - (-5 - -7)).
0
Evaluate 3 + (2 - (6 + -3)).
2
Calculate (6 - (-9 - -6)) + -5.
4
1 + -1 - (12 - 9)
-3
What is the value of 0 - ((0 - 1) + -7 + 9)?
-1
Calculate 3 - (2 + 0 + -2).
3
What is the value of 4 + (4 - 4) - 7?
-3
2 + -13 + 6 + 1 + 0
-4
-17 + 11 - -10 - 6
-2
What is the value of (-6 - -2 - 0) + 16 + -8?
4
Evaluate -5 - ((-4 - 4) + 5) - 3.
-5
6 + 3 - 4 - 11
-6
Evaluate (-3 - 0) + -2 + 7 + -5.
-3
What is the value of (4 - 10 - -5) + 1?
0
Evaluate (-6 - -8 - 3) + (-5 - 2).
-8
676 - 669 - ((0 - 0) + 0)
7
Calculate 5 - 2 - (7 + -4).
0
Evaluate 5 + 4 + -3 + 6 + -7.
5
Evaluate 4 - (9 + (-3 - 5)).
3
Calculate -7 + (5 - (2 + 1 + -2)).
-3
What is the value of 8 + -3 + 1 + -2?
4
What is the value of -8 + 1 - -13 - 8?
-2
Calculate 0 - 4 - (8 - 6 - 5).
-1
Evaluate (-3 - (-3 + 1)) + 0 - 0.
-1
What is -10 + -4 + -5 + 15?
-4
Calculate 5 - (5 + -7 + 5) - 0.
2
Evaluate 2 + -2 - (-6 + 10).
-4
What is the value of -2 - ((3 - (-3 - -4)) + -4)?
0
Calculate -2 - (7 - 8 - 2).
1
Evaluate 1 + 0 + 53 + -48.
6
What is the value of (20 - 15) + (-1 - 1)?
3
Calculate -5 + -12 + 7 + 2 + 8.
0
Calculate (-2 - -3 - 2) + -4.
-5
What is (-6 - -3) + (0 - -7)?
4
4 + 6 + -5 + -4
1
0 - (-1 + 2 + -1 + 2)
-2
What is 4 + -6 + 3 + -1?
0
What is the value of (-8 - -3) + (1 - -4)?
0
Evaluate -6 + (4 - 1) + -3.
-6
What is 3 + -2 + 0 - (-3 - -5)?
-1
Calculate 10 - 2 - (1 - -3).
4
Evaluate (0 - 4) + 27 + -21.
2
What is the value of -5 - -1 - (36 + -43)?
3
Evaluate 4 + -8 - (0 + -3 + -2).
1
What is 4 + (-2 + (-7 - -19) - 8)?
6
Evaluate -2 - -1 - 1 - 3 - -10.
5
Calculate (5 - 2) + -5 - -7.
5
Evaluate 69 - 66 - ((-1 - -1) + -2).
5
Evaluate 4 - (0 + 6 - 8).
6
Calculate 47 + -50 + (-1 - (3 - 2)).
-5
What is (-46 - -54) + (0 - 6)?
2
What is the value of -32 + 48 - (0 + 10)?
6
Evaluate 13 + -17 + (2 - 6).
-8
Evaluate (10 - 8) + (2 - (4 + -3)).
3
Calculate (-3 - -5) + (1 - (-3 - -3)).
3
0 + (0 - (2 + (4 - 0)))
-6
Evaluate 4 + -7 - -1 - 0 - -4.
2
Evaluate (8 - 6) + 7 + -8.
1
Calculate -1 - 0 - (15 + -11).
-5
What is -4 - (9 + -5 + 2 - 13)?
3
What is the value of -8 + (-5 - -4 - -3)?
-6
What is the value of 4 - (-4 - (-2 - 3))?
3
Calculate (5 - -1) + -7 - -6.
5
What is the value of 1 + 0 + (-9 - -5)?
-3
Calculate 4 - ((-4 - -1) + (-31 - -33)).
5
Calculate -6 - (3 - (0 - -5)).
-4
What is the value of 2 + -1 + -5 + 12 + -10?
-2
What is (5 + -4 + 1 - 0) + 0?
2
What is (-8 - -9 - 5) + 14?
10
Evaluate -6 + 3 + 2 + 1.
0
What is 8 + ((6 - 5) + 3 - 5)?
7
(7 + -5 - -1) + 1 + -8
-4
What is -8 + (0 - -4) + 5?
1
Calculate 1 + 1 - (-7 - -11).
-2
Evaluate 0 - (-9 + 8 - 0 - 7).
8
Calculate 1 + -7 + 0 + (-103 - -104).
-5
What is 9 - -2 - (53 - 36)?
-6
-4 + -3 - (1 - 2)
-6
What is -18 + 16 + (0 - -2) + 1?
1
What is the value of (-2 - -4) + (5 - (0 + 3))?
4
What is 0 + (1 - 2) + -2 - -7?
4
What is the value of -2 + (-3 - -2) - (-31 + 24)?
4
What is -9 - -6 - -4 - (1 - 1)?
1
What is the value of 0 - ((8 - 7) + -1)?
0
Calculate 1 - -3 - (-8 + 14).
-2
-5 + (-3 - (9 - 8 - 7))
-2
What is the value of -6 + -2 + 6 + 6?
4
Evaluate (0 - (3 + -3 - -3)) + 8.
5
Evaluate (-13 - -9) + -10 + 8.
-6
Calculate -8 + 7 + 2 + -6.
-5
What is 4 + (-11 + 8 - (0 - 1))?
2
Evaluate -21 + 2 + 34 + -21.
-6
Evaluate 9 + -1 - (-12 + 17 + -4).
7
What is the value of 0 + -15 + 20 + 1 + 0?
6
3 + -2 - (6 + -2)
-3
16 + -27 - (2 - 11)
-2
Calculate -1 - (0 - (-3 - 0)).
-4
Calculate -3 + (3 - -4) + -7.
-3
What is the value of (4 - (18 - 7)) + 5 - 5?
-7
Calculate -1 + -2 - (-27 - -19).
5
What is 5 + -2 + (1 - 2) - 6?
-4
What is the value of 0 + -3 - 0 - -1?
-2
(-1 - 2) + (-17 - -21)
1
0 - 7 - (31 - 40)
2
Calculate (3 + 2 - 7) + 0.
-2
Evaluate 17 + -10 - (2 + 3).
2
What is the value of -12 + 6 + 2 + 2?
-2
What is the value of 3 - (-5 + 10 - 4) - -2?
4
What is -11 - (-5 + 0) - -5?
-1
Calculate 0 + -2 - 2 - (-12 - -7).
1
1 - -2 - (-2 + 7 + -2)
0
-19 - -19 - (2 - 3 - 0)
1
What is 6 - 0 - (0 + -3 + 9)?
0
Calculate 0 - ((0 - 5) + 5).
0
Calculate (-1 - -4) + -22 + 19.
0
Calculate 6 + 0 - (2 + 1 - 2).
5
What is -5 + 2 + -3 - -4?
-2
Calculate (41 - 40) + (2 - -10) + -5.
8
Evaluate (18 - 18) + (0 - -3).
3
Calculate 6 + (3 - 0) + -10 + 0.
-1
(6 + -1 - 2) + -5 - -4
2
Evaluate (12 - 6) + -18 - -9.
-3
Evaluate (-10 - -6) + 5 + (-2 - -5).
4
What is 3 + (-6 - -10 - (7 - -3))?
-3
2 - (-1 + (-2 - (3 + -4)))
4
What is the value of (-1 - -1) + 8 - (-8 + 10)?
6
-3 - (-3 + -1 + 40 + -40)
1
What is 5 + (-5 - -5 - 4) - 2?
-1
-17 + 8 + 0 + 13
4
What is the value of -7 - (-4 + 1 - 0)?
-4
Evaluate 5 + (2 - (-2 + 2) - 1).
6
(-1 - 4) + (2 - (-1 - -2))
-4
What is -1 + ((5 - 9) + 15 - 6)?
4
What is 2 + 1 + (-3 - -2)?
2
Calculate 0 - (-3 - (1 + 4)) - 1.
7
What is 7 + 3 + -7 - -6?
9
What is the value of -2 + 1 + (5 - 9)?
-5
What is the value of 23 + -3 + -21 + -1 + 3?
1
What is 7 + -3 + 5 + -11?
-2
What is the value of -9 + -1 + -6 + 6?
-10
Calculate 6 - (-4 - (-8 - 5)).
-3
What is the value of 5 - (1 - 